-4)/6)*6. Let a(p) = -3*p**3 + 8*p**2 - 10*p + 2. Let m(c) = 4*c**3 - 9*c**2 + 11*c - 1. Let d(v) = b*m(v) - 5*a(v). What is d(-5)?
-11
Let v(b) = b**3 - 11*b**2 - 5*b + 10. Let i(p) = 4*p**3 - 44*p**2 - 22*p + 39. Let c(r) = 2*i(r) - 9*v(r). Determine c(11).
-1
Let z(l) be the third derivative of l**5/60 + 151*l**2. Calculate z(6).
36
Let m(x) = -2*x + 10. Suppose -1 - 5 = -t. Let n(h) = 3*h - 13. Let w be n(t). Suppose -2*s - 6 = 5*i, w*s - i - 23 = -4*i. Give m(s).
-4
Let m(i) = 2*i**2 + i - 16. Let x be m(3). Let h(t) = 4*t. Determine h(x).
20
Let g(q) = 4*q**2 - 24*q - 40. Let a(b) = 3*b**2 - 25*b - 38. Let o(i) = 5*a(i) - 4*g(i). Calculate o(-28).
-2
Let g(l) = l - 116 + 56 + 20*l + 58 + 6*l. What is g(2)?
52
Suppose -120 = 5*k + 2*u, -k + 0*k + u - 17 = 0. Let i = k - -28. Let y(l) = -l + 8. Give y(i).
2
Let u(g) = -3*g + 50. Let l = 1636 + -1620. Give u(l).
2
Let l(h) = 6 - 4*h + h**2 - 4*h + 1. Suppose 33*x = 124 + 41. Determine l(x).
-8
Let g(b) = 2*b**2 - 3*b**2 - 1 - 2 + 4*b. Let c(t) = t**3 + 6*t**2 + 5*t - 9. Let w be c(-4). Give g(w).
0
Let r(o) be the first derivative of -o**4/24 - o**3 + 13*o**2 + 23. Let n(w) be the second derivative of r(w). Determine n(-5).
-1
Let y be 29/50 - 32/400. Let n(f) be the second derivative of -5*f + 0 + y*f**3 + 1/20*f**5 + 1/3*f**4 - 2*f**2. Determine n(-3).
-4
Let o(r) = -14*r + 1. Let l = -223 + 224. Determine o(l).
-13
Let f(z) = -z**3 + 7*z**2 - 8*z + 6. Let v = -9 + 11. Suppose 4*t = v*t. Let g = t - -6. Determine f(g).
-6
Let d(j) be the second derivative of 1/6*j**3 - 20*j - 3/2*j**2 + 0. Give d(6).
3
Let o(u) be the first derivative of 2*u**4 + 2*u**3/3 - u**2/2 + 5. Let v be (-1 + 1)/(3/3). Suppose -4*a + 3*a - 5 = -3*f, 2*a - 2*f + 2 = v. What is o(a)?
9
Let b(s) = s**2 - 3*s - 1. Let f be (-2)/(-3)*135/6. Suppose -y + 1 = 0, r - 10 = -5*y + f. Suppose -3*o = 2*o - r. Determine b(o).
3
Let o(i) be the third derivative of -i**4/24 + 27*i**2. Let q be 270/42 + 9/(-21). What is o(q)?
-6
Let i(m) = 9*m**2 - 4*m. Let c(r) be the second derivative of -17*r**4/12 + 3*r**3/2 - 34*r. Let g(s) = 3*c(s) + 7*i(s). Calculate g(1).
11
Let v(z) = 37*z. Let q(a) = 23*a + 206. Let c be q(-9). Determine v(c).
-37
Let j(a) = 19*a**3 - a**2 + a - 1. Let h = -153 - -90. Let n = h - -64. Give j(n).
18
Let n(g) = 2*g + 6. Let m be (-9)/9*(7 - 4 - -2). Calculate n(m).
-4
Let o(q) be the third derivative of 0*q + 25*q**2 + 0 - 1/2*q**3 - 1/24*q**4. What is o(-3)?
0
Suppose -4*y + 5 = -3. Let m(l) = 4 + 3 - y - 3*l**2 - l**3 + l - 4. Let g be -3 + 4/(-10) + 3/(-5). Give m(g).
13
Let h(m) be the first derivative of -m**3/3 + 9*m + 190. Determine h(3).
0
Let s(q) be the first derivative of 10*q - 35 - 1/4*q**4 - 7/3*q**3 - q**2. What is s(-7)?
24
Let b(t) = -5*t - 32. Let v(n) = 5*n + 35. Let j(h) = 4*b(h) + 3*v(h). Calculate j(-3).
-8
Let d(v) = v**3 + 8*v**2 - 10. Suppose -2*i + 0*i - 16 = 0. Let h be d(i). Let y be -1*2*(-25)/h. Let s(l) = -l**3 - 4*l**2 + 7*l + 6. What is s(y)?
-4
Let d be -6*(-4)/24*3. Let f(g) = 2*g**3 - 4*g**2 - g + 4. Determine f(d).
19
Let h = 36 + -44. Let v be (1 - 1)/(h + 6) - 7. Let l(o) = -o - 12. What is l(v)?
-5
Suppose -6*k = 4*k. Let r(b) be the third derivative of -b**2 + 0 + 1/4*b**4 + 0*b + k*b**3. Calculate r(-1).
-6
Let c(r) = -6*r - r**2 - 3 + 3 + 9. Let t be c(-7). Let b(u) = 2 - 6 - t - u**2. Calculate b(0).
-6
Let k(u) = -5*u**2 + u**2 - 1 + 3*u**2 - 2*u. Let f(z) = z**2 + 29*z - 173. Let i be f(-34). What is k(i)?
-4
Let y(q) = q**2 - 2*q - 18. Let f be y(5). Let k(c) = -3*c**2 - 4*c + 2. Let o(a) = -2*a**2 - 3*a + 1. Let r(m) = 5*k(m) - 8*o(m). What is r(f)?
-1
Let d(j) be the second derivative of -j**4/3 + j**3/3 - j**2 + 88*j. Determine d(2).
-14
Let l(t) = t**2 + 9*t - 9. Let j = -105 - -95. Determine l(j).
1
Let t be -1*2 - 6/(-3). Let s(y) be the first derivative of -y**6/360 + y**5/120 + y**4/12 - y**3 - 7. Let g(l) be the third derivative of s(l). Calculate g(t).
2
Let u(r) be the second derivative of 0 + 3/2*r**3 + 35*r + 0*r**2. What is u(-2)?
-18
Suppose 3*g - 4*a + 8*a + 1 = 0, -2*a = -5*g + 33. Suppose g = 2*c + 3. Let l(x) = -3*x**2 + 1. Calculate l(c).
-2
Let z(l) be the second derivative of 0 - 8*l + 0*l**4 + 2/3*l**3 + 0*l**2 - 1/15*l**5. Let x(r) be the second derivative of z(r). Give x(1).
-8
Let z(v) = 3*v**3 + 8*v**2 - 3*v - 5 + 11*v**2 - 7*v**3 - 8*v**2. Let s(k) = k**3 - k**2 - k - 1. Let c(u) = 5*s(u) + z(u). Calculate c(-7).
-3
Suppose -2*l + 27 = -3*k, -42 = -3*l + 2*k + 2*k. Let v(m) = m - 21. Determine v(l).
-3
Let r(i) = 0*i - 2*i - i. Suppose -4*y + 2*p - 5*p = -135, -4*p + 140 = 4*y. Let t be (-11)/(-3) - y/45. What is r(t)?
-9
Let p(c) = c**3 + 2*c**2 - 4*c - 3. Let o(z) = -z**3 - z**2 + 3*z + 3. Let a(h) = 3*o(h) + 2*p(h). Suppose -5*n = -4*n - 3*n. What is a(n)?
3
Let b(c) = 2 + 11*c - 5 + 0 - 13*c. Let y(x) = -x**2 + x - 2. Let o be y(2). Give b(o).
5
Let i(q) be the second derivative of -q**3/6 + 2*q**2 + 170*q. Determine i(-7).
11
Let t(z) = 7*z**2 + 3*z - 1. Let h = 5 - 4. Let k(o) = -o**2 - o. Let u(g) = h*t(g) + 4*k(g). Let l be 3/9*-2*-3. Give u(l).
9
Let d(v) = -v**2 + 4*v + 1. Let x be (12/(-9) - 1)*-3. Let t(z) = 2*z**2 - 8*z - 3. Let m(k) = x*d(k) + 4*t(k). What is m(5)?
0
Let y be 0*(39/(-12) - -3). Let f(q) be the second derivative of -2*q + y + 1/2*q**2 + 2/3*q**3 + 1/12*q**4. Determine f(-4).
1
Let x be (-1 - -3) + (-8 - 4/(-1)). Let u be (26/x + 3)/2. Let y(c) = -c - 2. What is y(u)?
3
Suppose 3*m - m - 14 = 2*p, -3*p + m = 15. Let r = -4 - p. Let z(v) = -v + r*v - v + 5. What is z(5)?
-5
Let v(g) = -g + 1. Let i = -449 - -443. Give v(i).
7
Let p(z) = -11*z**3 - 14*z**2 - 3*z. Let b(m) = 13*m**3 + 16*m**2 + 4*m + 1. Let u(x) = -5*b(x) - 6*p(x). Let w = -1 - 3. What is u(w)?
3
Let c(i) be the second derivative of 0 + 0*i**3 - 7/12*i**4 + 0*i**2 - 2*i - 1/30*i**5 - 1/360*i**6. Let n(j) be the third derivative of c(j). Determine n(-6).
8
Let j(t) = -t**2 - t + 1. Let h be j(-1). Let v(r) = -6*r - 9. Let i(x) = -2*x + 6*x - 4*x - x. Let a(u) = h*v(u) - 5*i(u). Determine a(-6).
-3
Let d(h) be the third derivative of 1/3*h**3 + 0*h - 1/30*h**5 + 0 - 1/12*h**4 - 6*h**2. Suppose -4 = -2*t, 5*t - 6 = -3*x + x. Determine d(x).
-2
Let q(h) = 2*h + 10. Let v be 3/(20/5 + -3). Suppose -4*z = -v*z - 24. Suppose -2*g = -5*b + z, -2*g - b - 2 = 10. Give q(g).
-4
Let r(h) be the first derivative of -h**2 - h + 75. Calculate r(-5).
9
Let j(r) = 25*r + 3 - 26*r + 0. Let x(k) = k**2 + 3*k - 2. Let w be x(2). What is j(w)?
-5
Let k be (-2)/(-10)*15/3. Let u(f) = 14*f**2 - f - 5. Suppose 0 = 2*g - g - 6. Let s(m) = -1. Let p(q) = g*s(q) - u(q). Calculate p(k).
-14
Let v(y) = y. Let h = 33 + -31. Suppose -4*f + h*b - 20 = 6*b, 3*f = 3*b - 21. Determine v(f).
-6
Let n(v) = -v**2 - 9*v - 6. Suppose 26 = -2*w + 2*q, 4*w - 5*q + 57 = -0*w. What is n(w)?
2
Let o(u) = -u + 1. Suppose 14*r - 50 = 34. What is o(r)?
-5
Let c(y) = y**3 + y**2 - 3*y. Let n(x) = -5*x**3 - 13*x**2 + 20*x + 11. Let k(s) = -6*c(s) - n(s). What is k(7)?
-25
Let u(j) = 17*j**2. Suppose 0 = -3*g + 603 - 600. Determine u(g).
17
Let r(i) = 10*i - 7. Let u(t) = -2*t**2 - 9*t + 1. Let z be u(-4). Let g(m) = 7*m - 5. Let f(x) = z*r(x) - 7*g(x). Give f(-1).
-1
Let r(y) be the second derivative of -y**7/1260 - y**6/240 - y**5/120 - y**4 - 4*y. Let q(g) be the third derivative of r(g). Calculate q(-2).
-3
Let u(i) = -i**3 - 3*i**2 + 1538 - i - 5*i**2 - 1542. Give u(-8).
4
Let b(w) be the third derivative of w**5/60 + 5*w**4/8 + 23*w**3/6 - 240*w**2. Give b(-13).
-3
Let o(w) = -w**2 + 5*w - 3. Let t(a) = a - 2. Let r be t(2). Suppose r = -2*l + l. Suppose -4*x + 16 = -l*x. Calculate o(x).
1
Let r(c) be the first derivative of 2*c**3/3 - 4*c**2 + 4*c - 2. Let p = 1337 + -1332. What is r(p)?
14
Let i = -18 + 20. Suppose -2*j = -3*w + j, -4*w + i*j = 4. Let b(t) = t**3 + t - 2. Give b(w).
-12
Let j(y) = 4*y + 15. Let g be 5*(-2)/(-6)*3. Suppose -o + 4*m = 31, 4*o + 17 = -g*m - 2. Let c(r) = 2*r + 8. Let b(a) = o*c(a) + 6*j(a). Calculate b(-4).
-6
Let x(l) = 5*l - 14. Let k be x(4). Suppose -s + 2*w - k = -0*w, -3*w = 3. Let u(z) = -z - 6. Determine u(s).
2
Let w(u) be the third derivative of u**6/120 + u**5/12 + u**4/24 - 126*u**2. Suppose 5*r + 20 = r. What is w(r)?
-5
Let v(r) = 2